) be the second derivative of -t**3/6 + 37*t**2 + 28*t. Let h be u(14). Calculate the greatest common factor of h and 3.
3
Suppose 2*f + 24 = 5*f. Let t(x) = x**3 - 5*x**2 + 8. Let j be t(5). Calculate the greatest common factor of f and j.
8
Let q be 3 + 63 + 72/12. Calculate the highest common factor of 104 and q.
8
Suppose -5*k = -2*h + 372, 3*k = -h + 6*k + 188. Calculate the highest common factor of h and 11.
11
Suppose 0 = 8*w + 6*w - 210. What is the highest common factor of w and 45?
15
Let v = 3 - 8. Let f(x) = 2 - 4*x + 3*x - 8 - 2*x. Let t be f(v). What is the highest common factor of t and 72?
9
Let v = -358 + 248. Let k = -104 - v. Suppose 0 = -5*n + r + 34, 0 = -n + 4*n - 3*r - 30. Calculate the greatest common factor of k and n.
6
Suppose -3*v = -4*p + 28, 5*p + 2*v = 4*v + 35. Suppose -33 = -5*h + p. Calculate the greatest common factor of 88 and h.
8
Let w(s) = -3*s - 3. Let x be w(-2). Let t be (88/(-12))/((-1)/x). What is the highest common divisor of t and 55?
11
Let t(m) = -187*m**3 + 2*m**2 + 2*m. Let q be t(-1). What is the highest common divisor of 11 and q?
11
Let h be (-92)/(-138) - (986/(-6))/1. Suppose 2*g - 72 - 38 = 0. Calculate the highest common divisor of h and g.
55
Let o = -70 + 76. Let f = -15 - -27. Calculate the highest common divisor of f and o.
6
Let u = 26 + -110. Let r = u + 110. Calculate the greatest common factor of r and 286.
26
Let a(w) = w**3 + 14*w**2 + 28*w - 16. Let z be a(-5). Calculate the highest common factor of 253 and z.
23
Let z = 60 - 35. Suppose -3*x - 2*v + 838 = -4*v, 572 = 2*x - 4*v. Let k = 501 - x. Calculate the highest common divisor of z and k.
25
Suppose -55 = -2*a + 7*a. Let p = -76 + 53. Let f = a - p. Calculate the highest common divisor of f and 96.
12
Let l(c) = -343*c - 105. Let d be l(-1). Calculate the highest common divisor of 306 and d.
34
Let a(n) = -31*n - 353. Let k be a(-15). What is the highest common factor of k and 40?
8
Suppose 5*h - 21 = -1. Suppose h*o + 10 = 106. What is the greatest common factor of o and 264?
24
Let r = -8 - -136. What is the highest common factor of r and 32?
32
Suppose 0 = -l + 8 + 148. Let f be -4*(-3)/126 + 271/21. Calculate the highest common factor of l and f.
13
Let i(r) = -r - 6. Let b be i(-9). Suppose b - 23 = -4*m. What is the highest common divisor of m and 45?
5
Let b = 36 + -16. Let s = -3 + b. What is the highest common divisor of 17 and s?
17
Let n = -58 + 82. Suppose 0 = 5*b - 3*b - n. What is the greatest common divisor of b and 12?
12
Suppose -13*u = u - 1792. What is the highest common factor of 32 and u?
32
Suppose 0 = 4*b + 5*q - 1423, 0 = 5*b + 4*q + 149 - 1921. What is the highest common divisor of 32 and b?
32
Let s be (-204152)/(-624) - (-2)/(-12). Calculate the greatest common factor of 763 and s.
109
Let i be 6 - (-63)/1*29/29. Calculate the highest common divisor of i and 437.
23
Let c(l) = -16*l + 151. Let i be c(9). Calculate the highest common divisor of i and 133.
7
Suppose -7*d = -6*d - 2. Suppose -d*l + 4*u + 173 = 57, 4*u + 296 = 5*l. What is the greatest common factor of l and 15?
15
Suppose 14*g - 404 - 282 = 0. Calculate the greatest common divisor of 63 and g.
7
Suppose -6*c = -10*c + 4*i + 184, -3 = -i. What is the greatest common factor of 49 and c?
49
Let m(p) = p**3 + 6*p**2 + 3. Let v be m(-6). Suppose n + 7*n + 96 = 0. Let r be 5 + (n/3 - 0)/2. What is the highest common factor of r and v?
3
Let x(d) = -d**2 - 5*d - 1. Let f = -7 + 4. Let q be x(f). Let i be 26/5 + (-2)/10. What is the highest common factor of i and q?
5
Let v(x) = 5*x**2 + 107*x - 144. Let r be v(-24). Let h be 1 + 23/(0 - -1). Calculate the greatest common factor of h and r.
24
Let c be (-6)/21 - (-86)/7. Suppose 3*a - c = -0*a. Suppose -t - 4*t + 37 = 3*p, 0 = -3*t + 15. What is the highest common factor of p and a?
4
Let u = -19 - -46. Let o = u + -22. Calculate the greatest common factor of 50 and o.
5
Let t = -341 - -413. Calculate the greatest common divisor of t and 45.
9
Suppose -2*l - s = 2*l + 449, 0 = -l + 5*s - 86. Let h = -75 - l. Suppose -t + 2 = -10. What is the highest common factor of t and h?
12
Suppose -m = 4 - 8. Suppose 4*f = -4*u + 4, m*u - u + 4*f + 2 = 0. Let t be (-54)/1*(2 + -3). What is the highest common divisor of t and u?
6
Let g(m) = 11*m + 4. Let p be g(-5). Let z be p/(-6)*-1*2. Let j = 29 + z. Calculate the highest common divisor of j and 4.
4
Let h(r) = -3*r**2 - 17*r - 8. Let g be h(-5). Suppose g*y + 2*s = 3*s + 54, y = 5*s + 27. What is the greatest common divisor of y and 63?
9
Let l be (-7 - 216/(-40))*(-10)/2. Let q(j) = j - 1. Let u be q(3). Calculate the greatest common factor of l and u.
2
Let h be (22 - 6) + (4 - 5). What is the greatest common divisor of 645 and h?
15
Let f be (-3)/6*(-16)/4. Let w(a) = -a**2 - 1 - 2 + 1 + 9*a**f. Let o be w(-3). What is the greatest common factor of 10 and o?
10
Suppose 3*w - 6*w - 324 = 0. Let c = -44 - w. Suppose -288 = -3*b - 0*b. Calculate the highest common divisor of c and b.
32
Let t = -108 - -138. Calculate the highest common factor of 6 and t.
6
Let o = 77 - 32. Let z be 255/(-34)*(0 - 2). Calculate the highest common divisor of z and o.
15
Let l be 261/(-12)*1/(2/(-8)). Suppose 4*g - 21 - l = 0. What is the highest common factor of g and 135?
27
Suppose -524 = -6*f - 62. Calculate the greatest common factor of 7 and f.
7
Suppose -42 + 0 = -3*r. Let a(j) = j**3 - 12*j**2 - 25*j + 21. Let p be a(r). What is the greatest common divisor of 21 and p?
21
Suppose 0 = 52*h - 13373 - 4411. What is the highest common factor of h and 18?
18
Suppose 15 = 3*l + 5*f, 3*l - 5 = 2*l - 2*f. Let j = l + -1. Let n be (1 - -2)*(j - 2). Calculate the greatest common divisor of 3 and n.
3
Suppose 5*d - 5 - 170 = 0. What is the highest common divisor of 175 and d?
35
Let m be (-19)/2*-4*1/2. Let p be (7/(-3))/(2 - m/9). Calculate the highest common divisor of 168 and p.
21
Suppose 17*d - 120 = 13*d. Let c = -29 + d. Let a be (0 - c)*(2 - 48). Calculate the greatest common factor of a and 115.
23
Let u = 83 + -47. Calculate the highest common factor of u and 24.
12
Let m be (-6 + 15/3)*-6. What is the greatest common divisor of m and 21?
3
Suppose -2*q + 5*q - 688 = y, 2*y - 1143 = -5*q. Suppose -q = -6*h - 79. Calculate the highest common factor of h and 200.
25
Suppose 2*h = 4*c - 138 + 28, 5*c - 3*h = 135. Let i be 2 + 6/18*219. What is the highest common factor of i and c?
15
Let f be 8/(-12) + (-42)/(-9). Suppose -5*y = 2*h - 51, 4*h = -f*y + 62 + 58. What is the greatest common factor of h and 33?
33
Let a(v) = -31*v + 39. Let t be a(1). What is the greatest common divisor of 12 and t?
4
Suppose -4*f - 4*d = -4, 0*f = -5*f + d + 11. Suppose 44 + 34 = f*n. Suppose 0 = -5*m, m + 41 + n = 5*h. Calculate the highest common factor of 96 and h.
16
Let p be 1652/(-112) + 3/4. Let u be (-2)/p - (-879)/21. What is the highest common factor of 28 and u?
14
Let s be -16*((-11)/55 - 82/40). Let o = 5 + -1. What is the greatest common factor of s and o?
4
Let u(d) = -d**2 - 16*d - 28. Let w be u(-8). What is the greatest common divisor of 90 and w?
18
Let i = -469 - -1455. Calculate the highest common factor of i and 34.
34
Let j be 5*2/30 + 6688/33. What is the highest common divisor of j and 7?
7
Let b = 21 - 4. Suppose -3*r - 5 = -b. Suppose 0 = k - r*k + 33. Calculate the highest common factor of 121 and k.
11
Let d(j) = j**2 + 17*j + 124. Let v be d(0). Calculate the highest common divisor of 155 and v.
31
Let i(a) = 30*a + 117. Let d be i(8). Calculate the greatest common factor of d and 51.
51
Suppose -4*s - 15 = c - 0, -5*c + s + 30 = 0. Suppose r = -4*r + c. What is the highest common divisor of r and 5?
1
Let q be (-12)/(-42) - (-82)/7. Calculate the highest common divisor of 228 and q.
12
Let d = 699 + -677. What is the greatest common factor of d and 550?
22
Let u(h) = 7*h + 338. Let p be u(-36). What is the greatest common factor of 4 and p?
2
Let n(v) = 38*v**2 + 1. Let q = -3 - -1. Let h be n(q). Let l = 320 - 303. Calculate the greatest common factor of h and l.
17
Let w = 1311 + -1293. What is the highest common factor of w and 30?
6
Let z(u) = u**3 - 4*u**2 + 7*u - 7. Let s be z(3). Let f = 568 + -348. Suppose -s*c = -7*c + f. Calculate the hi